{"id":357,"date":"2024-10-15T13:45:33","date_gmt":"2024-10-15T11:45:33","guid":{"rendered":"http:\/\/le-bas.com\/lcd\/?page_id=357"},"modified":"2025-10-29T10:01:48","modified_gmt":"2025-10-29T09:01:48","slug":"competitions","status":"publish","type":"page","link":"http:\/\/le-bas.com\/lcd\/competitions\/","title":{"rendered":"Comp\u00e9titions"},"content":{"rendered":"\t\t<div data-elementor-type=\"wp-page\" data-elementor-id=\"357\" class=\"elementor elementor-357\">\n\t\t\t\t<div class=\"elementor-element elementor-element-4144a93 e-flex e-con-boxed e-con e-parent\" data-id=\"4144a93\" data-element_type=\"container\" data-e-type=\"container\">\n\t\t\t\t\t<div class=\"e-con-inner\">\n\t\t\t\t<div class=\"elementor-element elementor-element-b6098ac elementor-widget__width-auto elementor-widget elementor-widget-heading\" data-id=\"b6098ac\" data-element_type=\"widget\" data-e-type=\"widget\" data-widget_type=\"heading.default\">\n\t\t\t\t<div class=\"elementor-widget-container\">\n\t\t\t\t\t<h2 class=\"elementor-heading-title elementor-size-default\">Calendrier comp\u00e9titions<\/h2>\t\t\t\t<\/div>\n\t\t\t\t<\/div>\n\t\t\t\t\t<\/div>\n\t\t\t\t<\/div>\n\t\t<div class=\"elementor-element elementor-element-52bc5ea e-flex e-con-boxed e-con e-parent\" data-id=\"52bc5ea\" data-element_type=\"container\" data-e-type=\"container\">\n\t\t\t\t\t<div class=\"e-con-inner\">\n\t\t<div class=\"elementor-element elementor-element-37e34b0 e-con-full e-flex e-con e-child\" data-id=\"37e34b0\" data-element_type=\"container\" data-e-type=\"container\">\n\t\t<div class=\"elementor-element elementor-element-eb67c66 e-con-full e-flex e-con e-child\" data-id=\"eb67c66\" data-element_type=\"container\" data-e-type=\"container\">\n\t\t\t\t<div class=\"elementor-element elementor-element-0833e6d elementor-widget elementor-widget-button\" data-id=\"0833e6d\" data-element_type=\"widget\" data-e-type=\"widget\" data-widget_type=\"button.default\">\n\t\t\t\t<div class=\"elementor-widget-container\">\n\t\t\t\t\t\t\t\t\t<div class=\"elementor-button-wrapper\">\n\t\t\t\t\t<a class=\"elementor-button elementor-button-link elementor-size-sm elementor-animation-pulse-shrink\" href=\"http:\/\/le-bas.com\/lcd\/wp-content\/uploads\/2024\/11\/calendrier-1er-semestre-2.jpg\">\n\t\t\t\t\t\t<span class=\"elementor-button-content-wrapper\">\n\t\t\t\t\t\t\t\t\t<span class=\"elementor-button-text\">1 er semestre 2025<\/span>\n\t\t\t\t\t<\/span>\n\t\t\t\t\t<\/a>\n\t\t\t\t<\/div>\n\t\t\t\t\t\t\t\t<\/div>\n\t\t\t\t<\/div>\n\t\t\t\t<\/div>\n\t\t\t\t<\/div>\n\t\t<div class=\"elementor-element elementor-element-7c2ac40 e-con-full e-flex e-con e-child\" data-id=\"7c2ac40\" data-element_type=\"container\" data-e-type=\"container\">\n\t\t<div class=\"elementor-element elementor-element-3e406e8 e-con-full e-flex e-con e-child\" data-id=\"3e406e8\" data-element_type=\"container\" data-e-type=\"container\">\n\t\t\t\t<div class=\"elementor-element elementor-element-7ba556e elementor-widget elementor-widget-button\" data-id=\"7ba556e\" data-element_type=\"widget\" data-e-type=\"widget\" data-widget_type=\"button.default\">\n\t\t\t\t<div class=\"elementor-widget-container\">\n\t\t\t\t\t\t\t\t\t<div class=\"elementor-button-wrapper\">\n\t\t\t\t\t<a class=\"elementor-button elementor-button-link elementor-size-sm elementor-animation-pulse-shrink\" href=\"http:\/\/le-bas.com\/lcd\/wp-content\/uploads\/2024\/11\/calenrier-2em-semestre-5.jpg\">\n\t\t\t\t\t\t<span class=\"elementor-button-content-wrapper\">\n\t\t\t\t\t\t\t\t\t<span class=\"elementor-button-text\">2 em semestre 2025<\/span>\n\t\t\t\t\t<\/span>\n\t\t\t\t\t<\/a>\n\t\t\t\t<\/div>\n\t\t\t\t\t\t\t\t<\/div>\n\t\t\t\t<\/div>\n\t\t\t\t<\/div>\n\t\t\t\t<\/div>\n\t\t\t\t\t<\/div>\n\t\t\t\t<\/div>\n\t\t<div class=\"elementor-element elementor-element-565172c e-flex e-con-boxed e-con e-parent\" data-id=\"565172c\" data-element_type=\"container\" data-e-type=\"container\">\n\t\t\t\t\t<div class=\"e-con-inner\">\n\t\t\t\t<div class=\"elementor-element elementor-element-b582fc9 elementor-position-top elementor-widget elementor-widget-image-box\" data-id=\"b582fc9\" data-element_type=\"widget\" data-e-type=\"widget\" data-widget_type=\"image-box.default\">\n\t\t\t\t<div class=\"elementor-widget-container\">\n\t\t\t\t\t<div class=\"elementor-image-box-wrapper\"><figure class=\"elementor-image-box-img\"><a href=\"https:\/\/www.cddt21.fr\/comp%C3%A9titions\/saison-2025-2026\" tabindex=\"-1\"><img fetchpriority=\"high\" decoding=\"async\" width=\"700\" height=\"453\" src=\"http:\/\/le-bas.com\/lcd\/wp-content\/uploads\/2024\/11\/coupes-et-medailles-redim.jpg\" class=\"elementor-animation-bob attachment-full size-full wp-image-933\" alt=\"\" srcset=\"http:\/\/le-bas.com\/lcd\/wp-content\/uploads\/2024\/11\/coupes-et-medailles-redim.jpg 700w, http:\/\/le-bas.com\/lcd\/wp-content\/uploads\/2024\/11\/coupes-et-medailles-redim-300x194.jpg 300w\" sizes=\"(max-width: 700px) 100vw, 700px\" \/><\/a><\/figure><div class=\"elementor-image-box-content\"><h3 class=\"elementor-image-box-title\"><a href=\"https:\/\/www.cddt21.fr\/comp%C3%A9titions\/saison-2025-2026\">R\u00e9sultats<\/a><\/h3><p class=\"elementor-image-box-description\">Cliquez sur l'image pour visiter le site du Comit\u00e9 D\u00e9partemental de Tir de C\u00f4te-d'Or<\/p><\/div><\/div>\t\t\t\t<\/div>\n\t\t\t\t<\/div>\n\t\t\t\t\t<\/div>\n\t\t\t\t<\/div>\n\t\t\t\t<\/div>\n\t\t","protected":false},"excerpt":{"rendered":"<p>Calendrier comp\u00e9titions 1 er semestre 2025 2 em semestre 2025 R\u00e9sultats Cliquez sur l&rsquo;image pour visiter le site du Comit\u00e9 D\u00e9partemental de Tir de C\u00f4te-d&rsquo;Or<\/p>\n","protected":false},"author":2,"featured_media":0,"parent":0,"menu_order":0,"comment_status":"closed","ping_status":"closed","template":"","meta":{"_eb_attr":"","footnotes":""},"class_list":["post-357","page","type-page","status-publish","hentry"],"_links":{"self":[{"href":"http:\/\/le-bas.com\/lcd\/wp-json\/wp\/v2\/pages\/357","targetHints":{"allow":["GET"]}}],"collection":[{"href":"http:\/\/le-bas.com\/lcd\/wp-json\/wp\/v2\/pages"}],"about":[{"href":"http:\/\/le-bas.com\/lcd\/wp-json\/wp\/v2\/types\/page"}],"author":[{"embeddable":true,"href":"http:\/\/le-bas.com\/lcd\/wp-json\/wp\/v2\/users\/2"}],"replies":[{"embeddable":true,"href":"http:\/\/le-bas.com\/lcd\/wp-json\/wp\/v2\/comments?post=357"}],"version-history":[{"count":119,"href":"http:\/\/le-bas.com\/lcd\/wp-json\/wp\/v2\/pages\/357\/revisions"}],"predecessor-version":[{"id":1958,"href":"http:\/\/le-bas.com\/lcd\/wp-json\/wp\/v2\/pages\/357\/revisions\/1958"}],"wp:attachment":[{"href":"http:\/\/le-bas.com\/lcd\/wp-json\/wp\/v2\/media?parent=357"}],"curies":[{"name":"wp","href":"https:\/\/api.w.org\/{rel}","templated":true}]}}