{"id":1086,"date":"2024-11-27T09:26:54","date_gmt":"2024-11-27T08:26:54","guid":{"rendered":"http:\/\/le-bas.com\/lcd\/?page_id=1086"},"modified":"2025-10-30T12:31:27","modified_gmt":"2025-10-30T11:31:27","slug":"horaires","status":"publish","type":"page","link":"http:\/\/le-bas.com\/lcd\/horaires\/","title":{"rendered":"Horaires"},"content":{"rendered":"\t\t<div data-elementor-type=\"wp-page\" data-elementor-id=\"1086\" class=\"elementor elementor-1086\">\n\t\t\t\t<div class=\"elementor-element elementor-element-380c8ef e-flex e-con-boxed e-con e-parent\" data-id=\"380c8ef\" data-element_type=\"container\" data-e-type=\"container\">\n\t\t\t\t\t<div class=\"e-con-inner\">\n\t\t\t\t<div class=\"elementor-element elementor-element-d68be1c elementor-widget elementor-widget-image\" data-id=\"d68be1c\" data-element_type=\"widget\" data-e-type=\"widget\" data-widget_type=\"image.default\">\n\t\t\t\t<div class=\"elementor-widget-container\">\n\t\t\t\t\t\t\t\t\t\t\t\t\t\t\t<img fetchpriority=\"high\" decoding=\"async\" width=\"300\" height=\"300\" src=\"http:\/\/le-bas.com\/lcd\/wp-content\/uploads\/2025\/06\/blason-chevaliers-reduit-GM02gauche-300x300.png\" class=\"attachment-medium size-medium wp-image-1561\" alt=\"\" srcset=\"http:\/\/le-bas.com\/lcd\/wp-content\/uploads\/2025\/06\/blason-chevaliers-reduit-GM02gauche-300x300.png 300w, http:\/\/le-bas.com\/lcd\/wp-content\/uploads\/2025\/06\/blason-chevaliers-reduit-GM02gauche-150x150.png 150w, http:\/\/le-bas.com\/lcd\/wp-content\/uploads\/2025\/06\/blason-chevaliers-reduit-GM02gauche.png 641w\" sizes=\"(max-width: 300px) 100vw, 300px\" \/>\t\t\t\t\t\t\t\t\t\t\t\t\t\t\t<\/div>\n\t\t\t\t<\/div>\n\t\t\t\t<div class=\"elementor-element elementor-element-bbed149 elementor-widget elementor-widget-text-editor\" data-id=\"bbed149\" data-element_type=\"widget\" data-e-type=\"widget\" data-widget_type=\"text-editor.default\">\n\t\t\t\t<div class=\"elementor-widget-container\">\n\t\t\t\t\t\t\t\t\t<div id=\"bgLayers_comp-m1584f401\" class=\"MW5IWV\" data-hook=\"bgLayers\" data-motion-part=\"BG_LAYER\"><div class=\"LWbAav Kv1aVt\" data-testid=\"colorUnderlay\">\u00a0<\/div><div id=\"bgMedia_comp-m1584f401\" class=\"VgO9Yg\" data-motion-part=\"BG_MEDIA\">\u00a0<\/div><\/div><div class=\"\" data-mesh-id=\"comp-m1584f401inlineContent\" data-testid=\"inline-content\"><div data-mesh-id=\"comp-m1584f401inlineContent-gridContainer\" data-testid=\"mesh-container-content\"><div id=\"comp-j73ot0pf\" class=\"HcOXKn SxM0TO QxJLC3 lq2cno YQcXTT comp-j73ot0pf wixui-rich-text\" data-testid=\"richTextElement\"><h1 class=\"font_0 wixui-rich-text__text\"><span class=\"wixui-rich-text__text\">Horaires et accueil<\/span><\/h1><\/div><div id=\"comp-j73ou1vy\" class=\"HcOXKn SxM0TO QxJLC3 lq2cno YQcXTT comp-j73ou1vy wixui-rich-text\" data-testid=\"richTextElement\"><p class=\"font_7 wixui-rich-text__text\">Tous publics :<br class=\"wixui-rich-text__text\" \/>Mercredi et Samedi: 14 h 00 \u2013 18 h 00<br class=\"wixui-rich-text__text\" \/>Dimanche: 09 h 00 \u2013 12 h00<br class=\"wixui-rich-text__text\" \/>Des restrictions \u00e0 ces horaires li\u00e9s \u00e0 des \u00e9v\u00e8nements ponctuels tels que comp\u00e9titions, stages, cong\u00e9s, peuvent survenir.\u00a0<br class=\"wixui-rich-text__text\" \/><br class=\"wixui-rich-text__text\" \/>Sp\u00e9cifiques :<br class=\"wixui-rich-text__text\" \/>Handisports : vendredi 17 h 30 \u2013 19 h 30<br class=\"wixui-rich-text__text\" \/>Pr\u00e9paration comp\u00e9tition : vendredi 15 h 00 \u2013 19 h 30<br class=\"wixui-rich-text__text\" \/>Poudre noire et Tir aux Armes R\u00e8glementaires: samedi \u00e0 partir de 17 h 00 \u00a0<\/p><\/div><\/div><\/div>\t\t\t\t\t\t\t\t<\/div>\n\t\t\t\t<\/div>\n\t\t\t\t\t<\/div>\n\t\t\t\t<\/div>\n\t\t<div class=\"elementor-element elementor-element-9c4d4d1 e-flex e-con-boxed e-con e-parent\" data-id=\"9c4d4d1\" data-element_type=\"container\" data-e-type=\"container\">\n\t\t\t\t\t<div class=\"e-con-inner\">\n\t\t\t\t<div class=\"elementor-element elementor-element-4a315a5 elementor-widget elementor-widget-image\" data-id=\"4a315a5\" data-element_type=\"widget\" data-e-type=\"widget\" data-widget_type=\"image.default\">\n\t\t\t\t<div class=\"elementor-widget-container\">\n\t\t\t\t\t\t\t\t\t\t\t\t\t\t\t<img decoding=\"async\" width=\"164\" height=\"300\" src=\"http:\/\/le-bas.com\/lcd\/wp-content\/uploads\/2025\/06\/IMG_20250609_075828-1-164x300.jpg\" class=\"attachment-medium size-medium wp-image-1608\" alt=\"\" srcset=\"http:\/\/le-bas.com\/lcd\/wp-content\/uploads\/2025\/06\/IMG_20250609_075828-1-164x300.jpg 164w, http:\/\/le-bas.com\/lcd\/wp-content\/uploads\/2025\/06\/IMG_20250609_075828-1-558x1024.jpg 558w, http:\/\/le-bas.com\/lcd\/wp-content\/uploads\/2025\/06\/IMG_20250609_075828-1-768x1409.jpg 768w, http:\/\/le-bas.com\/lcd\/wp-content\/uploads\/2025\/06\/IMG_20250609_075828-1-837x1536.jpg 837w, http:\/\/le-bas.com\/lcd\/wp-content\/uploads\/2025\/06\/IMG_20250609_075828-1.jpg 872w\" sizes=\"(max-width: 164px) 100vw, 164px\" \/>\t\t\t\t\t\t\t\t\t\t\t\t\t\t\t<\/div>\n\t\t\t\t<\/div>\n\t\t\t\t<div class=\"elementor-element elementor-element-91b65d7 elementor-button-info elementor-align-center elementor-widget elementor-widget-button\" data-id=\"91b65d7\" data-element_type=\"widget\" data-e-type=\"widget\" data-widget_type=\"button.default\">\n\t\t\t\t<div class=\"elementor-widget-container\">\n\t\t\t\t\t\t\t\t\t<div class=\"elementor-button-wrapper\">\n\t\t\t\t\t<a class=\"elementor-button elementor-button-link elementor-size-sm\" href=\"http:\/\/le-bas.com\/lcd\/divers\/\">\n\t\t\t\t\t\t<span class=\"elementor-button-content-wrapper\">\n\t\t\t\t\t\t\t\t\t<span class=\"elementor-button-text\">retour<\/span>\n\t\t\t\t\t<\/span>\n\t\t\t\t\t<\/a>\n\t\t\t\t<\/div>\n\t\t\t\t\t\t\t\t<\/div>\n\t\t\t\t<\/div>\n\t\t\t\t<div class=\"elementor-element elementor-element-f0d2968 elementor-widget elementor-widget-spacer\" data-id=\"f0d2968\" data-element_type=\"widget\" data-e-type=\"widget\" data-widget_type=\"spacer.default\">\n\t\t\t\t<div class=\"elementor-widget-container\">\n\t\t\t\t\t\t\t<div class=\"elementor-spacer\">\n\t\t\t<div class=\"elementor-spacer-inner\"><\/div>\n\t\t<\/div>\n\t\t\t\t\t\t<\/div>\n\t\t\t\t<\/div>\n\t\t\t\t\t<\/div>\n\t\t\t\t<\/div>\n\t\t\t\t<\/div>\n\t\t","protected":false},"excerpt":{"rendered":"<p>\u00a0\u00a0 Horaires et accueil Tous publics :Mercredi et Samedi: 14 h 00 \u2013 18 h 00Dimanche: 09 h 00 \u2013 12 h00Des restrictions \u00e0 ces horaires li\u00e9s \u00e0 des \u00e9v\u00e8nements ponctuels tels que comp\u00e9titions, stages, cong\u00e9s, peuvent survenir.\u00a0 Sp\u00e9cifiques :Handisports : vendredi 17 h 30 \u2013 19 h 30Pr\u00e9paration comp\u00e9tition : vendredi 15 h 00 [&hellip;]<\/p>\n","protected":false},"author":2,"featured_media":0,"parent":0,"menu_order":0,"comment_status":"closed","ping_status":"closed","template":"","meta":{"_eb_attr":"","footnotes":""},"class_list":["post-1086","page","type-page","status-publish","hentry"],"_links":{"self":[{"href":"http:\/\/le-bas.com\/lcd\/wp-json\/wp\/v2\/pages\/1086","targetHints":{"allow":["GET"]}}],"collection":[{"href":"http:\/\/le-bas.com\/lcd\/wp-json\/wp\/v2\/pages"}],"about":[{"href":"http:\/\/le-bas.com\/lcd\/wp-json\/wp\/v2\/types\/page"}],"author":[{"embeddable":true,"href":"http:\/\/le-bas.com\/lcd\/wp-json\/wp\/v2\/users\/2"}],"replies":[{"embeddable":true,"href":"http:\/\/le-bas.com\/lcd\/wp-json\/wp\/v2\/comments?post=1086"}],"version-history":[{"count":28,"href":"http:\/\/le-bas.com\/lcd\/wp-json\/wp\/v2\/pages\/1086\/revisions"}],"predecessor-version":[{"id":1976,"href":"http:\/\/le-bas.com\/lcd\/wp-json\/wp\/v2\/pages\/1086\/revisions\/1976"}],"wp:attachment":[{"href":"http:\/\/le-bas.com\/lcd\/wp-json\/wp\/v2\/media?parent=1086"}],"curies":[{"name":"wp","href":"https:\/\/api.w.org\/{rel}","templated":true}]}}